 g?
1
Suppose -219*h = -243*h + 78024. What is the units digit of h?
1
Let w(v) = -18*v**2 + 4*v + 64*v**2 + 54 - 34*v**2 + v. What is the units digit of w(-5)?
9
Let q = 56 - 52. Suppose 17*g = q*g - 52. What is the units digit of (-3 + (-1085)/15)/(g/6)?
3
Let i be -1*(3/9)/((-4)/2652). Suppose 0 = -5*x - 20 - 0, 2*x = 3*c + 463. Let d = i + c. What is the units digit of d?
4
Suppose 2427*i = 2419*i + 9448. What is the units digit of i?
1
Let x = 21212 + -11624. What is the tens digit of x?
8
Let v(l) = -17*l + 244. Let g be ((-1)/(-3))/(60/(-4680)). What is the units digit of v(g)?
6
Let f(i) = 27*i**3 + 29*i**2 + 55*i + 37. Let s(p) = 14*p**3 + 14*p**2 + 26*p + 18. Let k(g) = 6*f(g) - 13*s(g). What is the thousands digit of k(-4)?
1
Let u(n) = -n**3 - 11*n**2 - 7*n - 4. Suppose 6*k + 32 - 92 = 0. Suppose 0 = -v - 4*r + 5, -2*v = 3*r - 0*r + k. What is the units digit of u(v)?
3
Let f(h) = -2493*h + 4439. What is the tens digit of f(-6)?
9
Let j(f) = 424*f - 769. What is the units digit of j(19)?
7
Let b(h) = -84*h - 502. What is the tens digit of b(-13)?
9
Let r(w) = -w**3 + 7*w**2 - 10*w + 12. Let d be r(5). Let z be (-6 + 104/d)*(-45)/(-4). What is the tens digit of -35*(z/(-35) - 0)?
3
Let w = 100 - 8. Let d = 341 - w. Suppose h = 8*y - 4*y + d, 0 = 4*y. What is the hundreds digit of h?
2
Let f be 6/(-9)*3 + 79. Suppose 6*d + 600 = 18*d. Let n = f - d. What is the units digit of n?
7
Suppose -11*o - 459 = -63. What is the tens digit of o/15*(-52 + -5 + 7)?
2
Let l = 208 - 198. Suppose 5*q + l*j = 5*j + 1280, q - 265 = -4*j. What is the hundreds digit of q?
2
Suppose -6915893 = -212*i + 628127. What is the tens digit of i?
8
Let r(l) = -l**3 + 5*l**2 - 4*l - 1. Let j be r(3). Suppose -6 = -i - j. What is the units digit of ((-387)/(-18))/(i/2)?
3
Suppose 2*m - 57*m - 330 = 0. What is the hundreds digit of (-32)/m + -5 - 1244/(-12)?
1
Let w = 313 + -308. Suppose -w*d + 3993 = 2*x, 4*d - 8 = -12. What is the units digit of x?
9
Let d = 83 + -68. Let h(g) = 72*g - 126. What is the tens digit of h(d)?
5
Let q be (63/18 + -2)/((-3)/(-6)). What is the units digit of 1001 + q/((-15)/(-20))?
5
Let u = 4309 - 3518. What is the hundreds digit of u?
7
Let c(w) = -w. Let t(h) = 11*h - 2. Let r(a) = 2*c(a) + t(a). Let n be r(2). What is the units digit of (13 - n)*(-22 + -1)?
9
Let c = -149 - -152. Suppose -2*t + l + 2331 = -0*l, -2*l = c*t - 3514. What is the tens digit of t?
6
Suppose 4*r - 591 - 949 = 0. Let u = -36 + 39. Suppose u*o - i - r = 0, 3*o - 199 = -2*i + 183. What is the units digit of o?
8
Suppose 17*z - 11*z = 0. Suppose z = 2*m + m. What is the units digit of (2 - -158) + 1/2*m?
0
What is the thousands digit of 18/8*952/(-357) - -60565?
0
Let h be 11/4 + (-21)/(-84). Suppose -756 = -w - 2*s + 43, -s = h*w - 2402. What is the hundreds digit of w?
8
Suppose 4*l = -14*l - 4518. Let i = 524 + l. What is the tens digit of i?
7
Suppose 13*k - 11711 = 6*k. Suppose -11*f = -18*f + k. What is the tens digit of f?
3
Let u(f) = 31*f**2 - 36*f + 10. Let h(w) = -6*w**2 + 7*w - 2. Let b(s) = -11*h(s) - 2*u(s). Let i = -457 + 460. What is the tens digit of b(i)?
2
Suppose 5*a + 4*l - 311095 = 0, 5*a + 1065*l - 1067*l = 311065. What is the ten thousands digit of a?
6
What is the thousands digit of (-2*21/(-2))/((15/(-3))/(-695))?
2
Let h be 407/99 + 3/(-27). Suppose -5*j = -5*x - 10, -3*j - 4*x + h = -30. What is the units digit of j?
6
Let m be 1*-4*1 + (1 - -3). Suppose -9*s + 3201 + 273 = m. What is the units digit of s?
6
Let i(u) be the first derivative of 4*u + 3/2*u**2 + 30*u**3 + 1. What is the tens digit of i(-1)?
9
Let z(y) = -1490*y**3 + 2*y**2 + 3*y + 1. Suppose 5*j = -k + 19, 3*k = j + 3 - 10. What is the thousands digit of z(k)?
1
Suppose -15*x = -985354 - 55136. What is the hundreds digit of x?
3
Suppose -3*b + 20 = 2*b. Suppose 4*f - 312 = -4*f. Let r = f - b. What is the tens digit of r?
3
Suppose -111 = -20*c + 69. What is the thousands digit of (33/c + -3 + 69)*15?
1
Let g = -325 - -309. What is the units digit of (-19026)/(-24) - 4/g?
3
Let c be ((-4)/6)/(6/621). Let v = -42 - c. What is the tens digit of v?
2
Let f be 463*(0 + -4 - -3). Let p = f + 178. Let g = p + 414. What is the units digit of g?
9
Suppose 0 = 5*h, 7*h - 100 = 4*t + 2*h. Let y = t + 169. What is the tens digit of y?
4
Suppose 9453 = 2*z + 7*w - 10*w, -2*w + 9478 = 2*z. Suppose 31*o = z + 6581. What is the hundreds digit of o?
3
Let d(w) = w**2 - 17*w + 5. Let o = 120 - -60. Suppose -8*z = -o + 44. What is the units digit of d(z)?
5
Let g(l) = l**2 + l - 2. Let b be g(-2). Suppose -4*t = -b - 196. Let h = t - 20. What is the units digit of h?
9
What is the ten thousands digit of -3 + (-706494)/(-54) - 16/72?
1
Suppose 2*i + 161 = -c, 87 - 326 = 3*i + 2*c. Let y = 340 - 203. Let a = i + y. What is the tens digit of a?
5
Suppose p - 3*p = 3*p. Let a(r) = -r + 314. What is the hundreds digit of a(p)?
3
Let r(i) = 1226*i + 65. What is the hundreds digit of r(7)?
6
Let n(u) = -64 + 18 + 227 - 7*u. What is the units digit of n(9)?
8
Let i = 3 - -74. Suppose -503 = -10*v + i. Let a = -20 + v. What is the tens digit of a?
3
Let s = -523 - -8769. What is the units digit of s?
6
Let c(x) = 180*x**2 - 598*x - 11947. What is the units digit of c(-21)?
1
Let d(i) = -27*i - 2. Suppose -4*q + 3*q = -3*q. Suppose -19 = 4*t + h - 8, -3*h + 15 = q. What is the units digit of d(t)?
6
Suppose -963*y = -956*y + 7000. Let r(j) = j**2 - 7*j - 2. Let p be r(9). What is the tens digit of (-2)/((p/y)/((-2)/(-10)))?
2
Let a = 411 - 124. Let f = a - 56. What is the units digit of f?
1
Let b = 116983 - 71578. What is the ten thousands digit of b?
4
Suppose 4*n - 195928 = -2*c, 0 = 7*n - 2*n + 2*c - 244907. What is the thousands digit of n?
8
Suppose -3*z = 10*z - 7670. Suppose 5*c + 15 = 0, -3*c = 4*w - z - 497. What is the units digit of w?
4
Suppose 1400 = 4*u - 4*t, -8*t = -3*t - 25. Let j = u + -233. What is the tens digit of j?
2
Let o(i) = -124*i + 1175. What is the ten thousands digit of o(-80)?
1
Suppose 65*i - 59*i = -42. What is the hundreds digit of 35856/22 - i/(308/8)?
6
Let f = -248 - -268. Suppose 0 = -2*w - 3*w - f, 4*i = -2*w + 1508. What is the units digit of i?
9
Suppose 34*s - 14628 = 33*s - 5*z, -14596 = -s + 3*z. What is the ten thousands digit of s?
1
Let y(k) = 2*k**3 + 12*k**2 + k + 3. Let r be y(-6). What is the tens digit of 2/(r*1/(-324))?
1
Let r = 119432 + -57734. What is the hundreds digit of r?
6
Suppose 4*t - c = 155337, 177*c - 172*c + 77673 = 2*t. What is the ten thousands digit of t?
3
Let b(o) = -2164*o**3 + 3*o**2 + 4*o - 2. What is the hundreds digit of b(-1)?
1
Suppose 66540 = 834*w - 828*w. What is the hundreds digit of 7/(-4 - w/(-2770))?
9
Suppose -2*c + 0*c = 2*k, -2*k = 4*c. Suppose -g + 3*r + k*r - 9 = 0, -g + 5*r = 15. What is the hundreds digit of (127 - (-4 + g)) + -3*1?
1
Let v(q) = -52*q**3 - 16*q**2 - 25*q - 130. What is the hundreds digit of v(-8)?
6
Suppose 1625572 = 13*l + 42*l - 3*l. What is the tens digit of l?
6
What is the units digit of (-26398)/(-4) - (-8 + (-195)/(-26))?
0
Suppose s + 1781 = -3*r + 6112, -8629 = -2*s + 5*r. What is the units digit of s?
2
Suppose -5 - 17 = -22*l. What is the units digit of ((-1)/l)/(((-12)/1396)/3)?
9
Suppose 62211 = 54*s - 39741. What is the tens digit of s?
8
Let s(k) = -k**2 + 41*k - 127. Let u be (21/16*4)/(9/24). What is the units digit of s(u)?
1
Suppose 7 = -3*f + 16. Suppose -v - 2*a + 40 = 0, -f*v - a + 160 = -3*a. What is the tens digit of v?
5
Suppose 9*n - 210 = -n. Suppose 80 = 3*k + k. Suppose -100 = k*v - n*v. What is the hundreds digit of v?
1
Suppose -4*r + 33264 = 4*l, 0*l + 2*l = -5*r + 41592. What is the hundreds digit of r?
3
Suppose 5228380 = 58*t + 1308972. What is the ten thousands digit of t?
6
Let j(h) = 12*h**2 + 15*h - 7. Let d = -74 - -82. What is the units digit of j(d)?
1
Let l be (80/(-24))/((-1)/33270). Suppose -5*s - l = 5*s. What is the units digit of s/(-70) + ((-27)/(-21))/(-3)?
8
Let g(b) = -b**3 - 2*b**2 + b - 1. Let c be g(-3). Let n be ((-26)/4 + 0)/((-1)/138). Suppose -c*q + n = 132. What is the units digit of q?
3
Let z(y) = -30*y + 12. Let o = -160 - -154. What is the hundreds digit of z(o)?
1
Let t = -796 - -800. What is the units digit of (t/(-